5*r + 4*d - 162 = 0, -h*r = -d - 2*d - 176. Calculate the remainder when 120 is divided by r.
18
Calculate the remainder when 1/(-18)*-938 - (292/36 - 8) is divided by 29.
23
Let w be 56/(-196) + (-1255)/(-7). Suppose w = 4*v + 43. What is the remainder when 64 is divided by v?
30
Suppose -154*j + 59942 + 72561 = 45493. What is the remainder when j is divided by 40?
5
Suppose -28*h - 43242 = -75*h + 67819. Calculate the remainder when h is divided by 17.
0
Let j be (-52)/(-6) + 5*20/(-150). Let w(k) = 7*k + 4. Let a(g) = 84*g + 49. Let h(o) = 3*a(o) - 35*w(o). Calculate the remainder when h(j) is divided by 25.
13
Let v(b) = -2*b**3 - 14*b**2 + 32*b + 472. Calculate the remainder when v(-14) is divided by 21.
17
Suppose -1332*v = -1458*v + 7686. Calculate the remainder when 3535 is divided by v.
58
Suppose -678*r = 4*a - 676*r - 158, 115 = 3*a - 2*r. What is the remainder when 147 is divided by a?
30
What is the remainder when ((-291480)/700)/((-3)/15) is divided by 21?
3
Let d = 205 - 195. Suppose -d*p + 1797 = 587. Calculate the remainder when p is divided by 27.
13
Suppose 5*t + 27 = -4*q, 5*t + 4 + 11 = 0. What is the remainder when 98/(-21) + 5 + (-83)/q is divided by 5?
3
Let x be 765/120 - 9/24. Suppose x*h - 39 = 81. What is the remainder when 39 is divided by h?
19
Suppose -2*m + 36 = 2*m. Let b be 6*(5 + -1 + 1). What is the remainder when 12/(3/6 - b/80) is divided by m?
6
Let v = 48 - 58. Let z(i) = 2*i**2 + 6*i - 64. Calculate the remainder when z(v) is divided by 2.
0
Suppose 0 = -p + 3*v - 3, -5*v + 30 = 4*p + 8. What is the remainder when 372 is divided by (-2)/p + 4888/141?
32
Let k = -1844 + 1847. Calculate the remainder when 75 is divided by k.
0
Suppose -298*l + 275*l - 613 + 8410 = 0. Calculate the remainder when l is divided by 19.
16
Let u be ((-48)/(-36))/(4/(-18)). Let n be (21/6)/(3/u). Let r(i) = i**2 + 6*i + 2. Calculate the remainder when 14 is divided by r(n).
5
Suppose -23*a = 6*a - 27608. Suppose -18*b = 10*b - a. Calculate the remainder when 123 is divided by b.
21
Suppose 5*o - y = 28, 0 = -2*o - o + 4*y + 10. Suppose m - 532 = -2*x, -4*x + 3*m + 1062 = o*m. Calculate the remainder when x is divided by 18.
15
Let r = -97 - -98. What is the remainder when ((-4 - -239)/(-5)*r)/(-1) is divided by 3*-1 + (-120)/(-8)?
11
Let j = -22616 + 22664. What is the remainder when 437 is divided by j?
5
Suppose -162*y + 5910 + 5268 = 0. What is the remainder when 1997 is divided by y?
65
Let f = -259 - -267. Calculate the remainder when 190 is divided by (f/(-10))/(20/(-600)).
22
Let w = 88 - 91. What is the remainder when 4*w/(-4)*30/9 is divided by 3?
1
Suppose -2*d - 2*x = -0*x - 10, 0 = 5*d + 2*x - 16. Suppose -2*v = -d*t - 1 - 1, -5*t = 3*v - 19. Calculate the remainder when 17 is divided by t.
1
Let m = 2145 + -1200. What is the remainder when m is divided by 11?
10
Let o = -23 + 113. Suppose 103*h - 442 = 77*h. Suppose -22*f + 230 = -h*f. What is the remainder when o is divided by f?
44
Suppose 17*h - 41*h + 17*h = -224. Suppose -443 = -2*n + x, -n = 4*x + x - 216. What is the remainder when n is divided by h?
29
Let z be (4 + 0)*(-5 - 25/(-20)). Suppose 4*p - 5*a + 329 = 0, -p - 3*a - 80 = -2*a. Let n = z - p. What is the remainder when n is divided by 23?
20
Let q = 2127 + -1456. What is the remainder when (q/22)/(4 - 115/30) is divided by 44?
7
Suppose 2*i - 1 = 3. Suppose 0 = -6*j - i*j - 24. What is the remainder when ((-225)/(-12) - j) + (-3)/(-12) is divided by 5?
2
Let x(l) = 10*l**2 - 17*l + 8. Let c be x(6). Suppose -997*n + 990*n = -c. What is the remainder when 223 is divided by n?
33
Calculate the remainder when 32 is divided by (-5 - -15) + 30 + -23.
15
Let x = 10734 + -10091. What is the remainder when x is divided by 18?
13
Calculate the remainder when (247/2 + -1)*(679 - 677) is divided by 30.
5
Let f(v) = -16*v - 8. Let u be f(-1). Suppose -14*d + 2016 = -u*d. Let y = -178 + d. Calculate the remainder when y is divided by 32.
30
Suppose 2*c = 5*x - 0*x - 1674, -6 = -2*c. Suppose -4*a - 128 = -x. What is the remainder when a is divided by 31?
21
Suppose -308 = -2*l - t, 3*l + 266*t = 262*t + 457. What is the remainder when 586 is divided by l?
121
Let r = 13334 + -2248. Calculate the remainder when r is divided by 168.
166
Let o = 225 + -226. Calculate the remainder when 112 is divided by -38*(4/8 + o).
17
Suppose -22 = 5*v + 5*w - 432, 0 = -3*w - 6. Calculate the remainder when 1028 is divided by v.
20
Suppose 991 = -7*c - 248. Let d = c - -188. Calculate the remainder when 21 is divided by d.
10
Suppose 8*w + 17*w = -7*w + 16064. Suppose 0 = 3*f - 6, -f + 7 - 23 = -s. What is the remainder when w is divided by s?
16
Calculate the remainder when (-160760)/(-12) + (-46)/69 is divided by 11.
9
Suppose -124*o = -22390 - 61434. What is the remainder when o is divided by 124?
56
Let w = -6342 + 8745. Calculate the remainder when w is divided by 13.
11
Let h be (0 + 1)/(5/(-760)). Let r = 66 + h. Let x = r + 108. Calculate the remainder when 87 is divided by x.
21
Let f = 4017 - 3843. What is the remainder when f is divided by 13?
5
Let o = 6 - 2. Let u = -13280 + 13315. Calculate the remainder when u is divided by o.
3
Suppose 0 = -5*h + 7 + 8. Suppose -5*j + 3*i = -368, -366 = -2*j - h*j + i. Let w(a) = -a**2 + 17*a + 122. Calculate the remainder when j is divided by w(21).
35
Suppose 3*i + 5*b = 293, 0 = -i - 4*b + 86. Calculate the remainder when 2012 is divided by i.
104
Calculate the remainder when 659 is divided by (190/6 + 0)*(86 + -83).
89
Suppose 4*a - 784 = -2*r, 18*a = -3*r + 13*a + 1174. Let q = 402 - r. Suppose 0 = -3*x + 9. What is the remainder when q is divided by x?
2
Suppose 0 = 2*m + 8 + 2, -4*m + 58 = 2*b. Calculate the remainder when 91 is divided by b.
13
Let v = -924 - -970. Calculate the remainder when 964 is divided by v.
44
Let i = -1792 + 1900. Calculate the remainder when 2157 is divided by i.
105
Let i = -810 + 3381. Suppose 45 + i = 8*h. Calculate the remainder when h is divided by 66.
63
Let q = -115 + 120. Suppose -4*p = -q*t + 60, 5*p + 20 - 3 = -t. Calculate the remainder when t is divided by 2.
0
Calculate the remainder when 142 is divided by ((-2)/8)/((-32610)/(-1920) + -17).
14
Suppose -29348 = -160*o + 3612. Calculate the remainder when o is divided by ((-12)/10)/((-3)/40).
14
Let o(v) = v**2 + 13*v + 14. Let h be o(-12). Suppose -y + 63 = 4*b, -y - 59 = -h*y - 3*b. Let s = -323 + 462. What is the remainder when s is divided by y?
45
Suppose 3*z - 143 - 250 = 4*m, -z - 5*m + 150 = 0. Let t = -74 + z. What is the remainder when t is divided by 39?
22
Suppose 33*a - 916 + 313 = 2103. Calculate the remainder when 7870 is divided by a.
80
Suppose 273*s = -756*s + 48363. Calculate the remainder when s is divided by 9/(-12)*12/(-1).
2
Suppose 0 = 9*b - 327 + 39. Suppose b = -2*p + 6*p. Let t(f) = -f**2 + 8*f + 15. Calculate the remainder when 53 is divided by t(p).
8
Suppose -2*j + 3040 = 5*r, j = 2 + 3. Calculate the remainder when r is divided by 23.
8
Suppose -3*y - 5*b - 333 = -7*b, -5*b = 0. Let l = y + 122. What is the remainder when 42 is divided by l?
9
Suppose -42 + 25 = -b. Suppose -b*i = -19*i + 266. What is the remainder when i is divided by 17?
14
Let g be (-1*(-7)/(-4))/(15/(-60)). Suppose 2*n + 41 = 3*w, -g*w + 105 = -2*w + 4*n. What is the remainder when 31 is divided by w?
14
Let z(r) = 21*r - 11. Let l be z(9). Let t = -65 + l. Suppose 156*b + 2*d = 151*b + 107, -2*d = -3*b + 45. What is the remainder when t is divided by b?
18
Suppose 8*f + 1278 - 6510 = 0. Suppose -39*k + 33*k + f = 0. What is the remainder when k is divided by 39?
31
Suppose 5*a + 5 = 5*k - 10, -2*a = 3*k - 14. Let v be 178/(11/539*7). Let z = -1238 + v. What is the remainder when z is divided by a?
0
Suppose -9*w = -20 - 70. Let x(o) = o**2 - 4*o - 46. What is the remainder when 23 is divided by x(w)?
9
Let v(b) = b - 6. Let t be v(-12). Calculate the remainder when 9/(1 - t/(-21)) is divided by 2/(((-24)/(-34))/6).
12
Let h(d) = -109*d + 2. Let g(s) = -27*s. Let v(q) = 9*g(q) - 2*h(q). Let x be (-2)/6 + 15/(-9). What is the remainder when v(x) is divided by 12?
10
Let s = -15 + 13. Calculate the remainder when (2 - (-205)/10) + s/(-4) is divided by 7.
2
Let q = 295 - 189. Let x(v